-35. Let h be q(i). Let y be (-4)/(-20) - h/(-10). Calculate the highest common divisor of 9 and y.
9
Suppose -4*d - 372 - 508 = 0. Let a be d/(-10) + (3 - 1) + 1. Let o = 412 - 287. What is the greatest common divisor of a and o?
25
Let k = -107 + 108. Let f(h) = -h + 9. Let b be f(-1). Suppose -5*p = b, -2 - 8 = -3*z + 2*p. What is the highest common divisor of k and z?
1
Suppose 1252 - 1232 = 4*c. Suppose 4*f + 1087 + 688 = c*n, -2*n - 3*f + 687 = 0. Calculate the highest common divisor of n and 195.
39
Let z(w) = 16*w**3 - 3*w**2 - 3*w - 1. Let l be z(-1). Let m be 11/(110/20) - (l + 0). What is the greatest common divisor of 361 and m?
19
Suppose -h = -2*k + 105, -19*h = 3*k - 26*h - 196. Let o = -20 + 118. Calculate the greatest common divisor of k and o.
49
Let h(j) = 29*j**2 + 2*j - 3. Let t be h(3). Suppose 48*v - 46*v + 4*l - 52 = 0, 3*v - 5*l = 1. What is the greatest common divisor of t and v?
12
Let b be (-25 - -4)*(1236/28)/(-3). What is the greatest common factor of b and 1751?
103
Let w = 2360 + -800. Calculate the greatest common divisor of 600 and w.
120
Let a(n) = 315*n + 363. Let j be a(15). Suppose j*g = 5084*g + 1496. What is the greatest common factor of g and 66?
22
Let x(v) = 7*v + 24. Let g be x(-4). Let k(q) = 5*q**2 + 19*q - 2. Let f be k(g). Let t be (4 + (3 - -47))*1/f. Calculate the highest common factor of 18 and t.
9
Suppose 43*t = -87*t + 702260. What is the greatest common divisor of t and 148?
74
Let z(f) = f**3 + 4*f**2 + 2*f + 12. Let v be z(-4). Suppose 5*y - 4*o - 257 - 2471 = 0, -v*o - 8 = 0. What is the greatest common factor of y and 17?
17
Suppose -3*f + 2*l + 1814 = 0, 1212 = 4*f - 4*l - 1212. What is the highest common divisor of f and 14?
14
Suppose 16740 = 22*v - 20*v + 18*v. What is the highest common divisor of v and 155?
31
Let d(t) = 5*t**2 - 3*t - 3. Let j be d(2). Let m be (-1 - (-39)/33) + 64/j. Let h be 64/m*(-90)/(-20). Calculate the highest common divisor of h and 72.
24
Let x be (-2)/8 - (-1)/4. Let l(y) = 20*y**2 - 36*y + 2. Let z be l(2). Suppose z = -2*a, x*c - a = -3*c + 29. Calculate the highest common divisor of 24 and c.
8
Let y be ((-168)/18)/((-1)/72*2). Suppose 13*n = y - 24. What is the highest common factor of n and 18?
6
Let r(g) = -g**3 - 90*g**2 + 181*g - 274. Let y be r(-92). Calculate the highest common divisor of 1466 and y.
2
Let p be (-27)/((-25)/10 - -2). Suppose 61*b = p*b + 13650. What is the greatest common divisor of b and 26?
26
Let r be 5/2 - 1 - (-6254)/212. Let h = 695 + -478. Calculate the highest common factor of h and r.
31
Let s = 3337 - 3239. What is the highest common divisor of s and 826?
14
Let x(v) = -33*v + 57*v + 2 - 18*v - v**2. Let m be x(5). Calculate the highest common divisor of m and 63.
7
Suppose 0*c - 392 = -4*c. Let k(o) = 274*o**2 - 20*o + 22. Let n be k(2). Calculate the highest common divisor of c and n.
98
Suppose g = -3*z + 235, 3*z - 3*g = 2*z + 95. Suppose -110*h = 189*h - 4784. Calculate the highest common factor of z and h.
16
Let x = 3360 - 3332. Let v(k) = -5*k + 12. Let l be v(-6). What is the greatest common divisor of x and l?
14
Suppose -4*n + 170 = -n + 4*v, 2*v = -n + 58. Let b be (-2)/(5 + 544/(-108)). Calculate the highest common factor of b and n.
54
Suppose l - 18*x - 178 = -13*x, -154 = -l - x. What is the highest common factor of l and 869?
79
Let q = -5 + 9. Let p(v) = 15*v + 294. Let k be p(-17). Suppose 2*b + 5*m = k, 0 = -q*b - m + 5 + 28. Calculate the highest common factor of b and 21.
7
Suppose 7004 + 18334 = 24*k + 3738. Calculate the highest common factor of 120 and k.
60
Suppose -12*g - 30*g + 14784 = 0. Let w(r) = r**2 - 15*r + 11. Let l be w(15). What is the highest common factor of l and g?
11
Suppose n + 96 = t, -194 = -2*t - 0*t + 3*n. Suppose -t = -5*y - 3*b, 5*y - 2*b + 36 = 7*y. What is the highest common divisor of y and 90?
10
Suppose -4*j + 714 = -2*j + 32*j. What is the greatest common divisor of j and 3234?
21
Let h be (-331)/993 - (-17461)/3. Calculate the greatest common factor of h and 45.
15
Let q(y) be the first derivative of 5*y**4/4 - y**3/3 + 2*y**2 + 2*y - 86. Let k be q(2). Calculate the highest common divisor of k and 736.
46
Suppose 16*p - 359 - 537 = 0. What is the highest common divisor of p and 424?
8
Suppose 400 = 6*b - 7256. Let i = b + -421. Suppose 9*k - i = 4*k. What is the highest common factor of k and 19?
19
Let n(q) = 4*q - 4. Let h be (5/(-10))/((-1 - 1)/8). Let w be n(h). Let p = 53 - w. What is the greatest common factor of 7 and p?
7
Suppose 0 = 8*x + x - 63. Suppose x*q - 4 = 3*q, 2*b - 6 = 4*q. Suppose s - 89 = -b. What is the highest common factor of s and 24?
12
Let b be 2/(-13) - ((-90)/78 - -2). Let o be -27*(0 + (-2)/(-6)*b). What is the highest common divisor of o and 27?
9
Let m(d) = d**3 - 2*d**2 + 2*d. Let y be m(2). Let v = 3 + y. Suppose -224*z - 359 = -2849 - 8486. What is the highest common divisor of v and z?
7
Suppose 55*h + 1054 = 24*h. Let c be 0 + 20/9 - h/(-153). Calculate the greatest common divisor of c and 114.
2
Let x = 308 + -291. Suppose -x*p + 380 + 538 = 0. What is the highest common factor of p and 9?
9
Let t = 459 + -438. Suppose 63 = 3*w - 4*d, -d + t = w - 0*d. What is the greatest common divisor of w and 357?
21
Let w(j) = -23*j - 116. Let p be w(-5). Let s be p + 31 + (-7 - -4). What is the highest common factor of 3 and s?
3
Let y = -4463 + 4468. Calculate the highest common factor of y and 35.
5
Let j(k) = 112*k**2 + k - 5. Let v be j(2). Suppose 3*d - 365 = 79. Let x = v - d. Calculate the greatest common divisor of x and 27.
27
Suppose 4*g = 3*d + 18, 0*g = -5*g + 5*d + 25. Let u = g + 1. Suppose u*l - 7*l = -126. Calculate the highest common factor of l and 28.
14
Let b be ((-188)/(-8))/((-1)/(-12)). Let f = 667 - b. What is the highest common divisor of 55 and f?
55
Suppose -10*w = -12*w - 194. Let o = 405 + w. Calculate the highest common factor of 28 and o.
28
Let a(h) = -11*h. Let m be a(-7). What is the highest common factor of 66 and m?
11
Let w = 5000 + -4947. What is the greatest common factor of 8692 and w?
53
Let g be (25/30)/((-3)/9)*3366/(-55). Calculate the highest common divisor of g and 33.
3
Suppose -103*z + 52920 = 69*z - 52*z. What is the greatest common factor of z and 189?
63
Let r(a) = -a**3 - 2*a**2 + 74*a + 312. Let p be r(-4). What is the greatest common divisor of p and 591?
3
Let x = 16788 - 16733. Calculate the greatest common factor of x and 781.
11
Let c = 136 - 76. Let j = 52085 + -52035. What is the highest common factor of j and c?
10
Let l = -18579 - -21909. What is the highest common divisor of 1440 and l?
90
Let p(l) = -l**3 - 8*l**2 + 38*l + 18. Let k be p(3). What is the highest common factor of k and 1375?
11
Let l be (6/4)/(4/(-8)). Let j be 23 + (-3)/(4 + l). Suppose 15*s + 7*s - 660 = 0. Calculate the greatest common factor of s and j.
10
Suppose 0 = -2*r + 2*i - 80 + 110, 51 = 2*r - 5*i. Suppose -5*o + o = -4, -104 = -5*c - 4*o. Calculate the greatest common divisor of c and r.
4
Suppose -5*r - 4*u + 392 = 0, -83 = -4*r + u + 218. Calculate the highest common factor of r and 1615.
19
Let p = 890 + -895. Let v(x) = -2*x**3 - 12*x**2 - 17*x + 14. Let u be v(p). What is the highest common divisor of 49 and u?
49
Let x(s) = -2*s**2 - 17*s + 69. Let g be x(-11). Let a = -74 - -46. Let z = 0 - a. Calculate the greatest common factor of z and g.
14
Let c(d) = -d**2 + 23*d + 28. Let x be c(24). Suppose -x*f - u = -138, 3*f - 2*u = 2*f + 39. Let b = f - -17. Calculate the highest common divisor of 572 and b.
52
Let s be 1 + -2 + 70 + 1. Let c(m) = m**3 + 6*m**2 - 8*m - 4. Let y be c(-7). Suppose -24 = -y*a + 6. What is the highest common factor of s and a?
10
Suppose 0 = i - 3*b - 236, 2*i + i + 3*b - 756 = 0. Suppose -17*v + 945 = i. What is the highest common divisor of 697 and v?
41
Let w = 262 - 260. Suppose 1 + 3 = w*g. Suppose 4*q = -f + 64, -2*q + f + 20 = -12. Calculate the greatest common divisor of g and q.
2
Let r = 645 - 351. Suppose 0 = -5*d - 2*j + 6*j - r, 0 = 5*d - 3*j + 293. Let i = 143 + d. Calculate the highest common factor of i and 34.
17
Let n be 33*(0 + 3)*(11 - 2). Calculate the greatest common factor of 108 and n.
27
Let n be (6/36*-87)/((-1)/2). What is the great